Suppose 0 = -3*y + 5 - 2, j*y + b = 4*n. What are the prime factors of n?
5, 17
Let q(r) = -145*r + 15. Let d be q(-7). Let v = -573 + d. What are the prime factors of v?
457
Let l(x) = -3*x**2 + 22*x - 3. Let k be l(7). Let y be (-2)/(6/9) + k/1. Suppose c = 4*w + y + 21, c = -2*w + 28. What are the prime factors of c?
2, 13
Let l = 14431 - 7841. What are the prime factors of l?
2, 5, 659
Suppose 0 = 3*v + 2*l - 23, v - l - 6 = -v. Suppose 6*u = v*u + 3. Suppose u*m = 6*m - 330. List the prime factors of m.
2, 5, 11
Suppose -4*v = -5*p - 953, 2*v - 5*p - 472 = -7*p. Let m = v - -101. What are the prime factors of m?
2, 13
Let l = -891 - -888. List the prime factors of 12/21*(-7 - l - -1635).
2, 233
Suppose 0 = -16*f + 36*f - 273860. List the prime factors of f.
13693
Let i(u) = 8 + 7*u - 22 + 3*u**2 + 3. Let m be i(-7). Suppose c + m = 2*c. What are the prime factors of c?
3, 29
Let c = 387 + 289. Suppose 0 = -18*o - 14*o + 96. Suppose -4*w + c = 4*x, -x + 522 = 3*w - o*x. List the prime factors of w.
2, 43
Let g(c) = c**2 - 8*c + 14. Let n be g(6). Suppose -n*w = -s - 285, -s - 3*w = 137 + 133. Let b = -180 - s. List the prime factors of b.
3, 11
Let x(u) = -176*u**3 + 4*u**2 + 18*u - 5. List the prime factors of x(-5).
3, 5, 163
Suppose -j + 5 - 30 = 0. Suppose 2*x - 6 + 5 = y, -25 = -2*y - 5*x. List the prime factors of y*(-90)/j*3.
2, 3
Let t = 188 + -183. Let k(a) = 26*a**2 + 8*a - 61. List the prime factors of k(t).
17, 37
What are the prime factors of (-4)/(23074/(-4614) - (-4 + 1 - 2))?
2, 3, 769
Suppose 10*l = -5*b + 5*l + 39655, -2*b - 5*l + 15868 = 0. List the prime factors of b.
3, 881
Let j(d) = 5*d**2 - 30*d - 4. Let a be j(6). What are the prime factors of (-3 + a/12*76)*-18?
2, 3, 5, 17
Let r = 12 - 1. Let q(p) = -p**3 + 12*p**2 - 12*p + 5. Let x be q(r). What are the prime factors of (-2)/(-2) + (20 - x)?
3
Let r be (-3810)/24 - 3/12. What are the prime factors of ((-7 - -3) + r)/(-2 - -1)?
163
Suppose 8*s + 13*s - 231 = 0. Suppose -s*u + 708 + 9093 = 0. List the prime factors of u.
3, 11
Let i(f) = 5*f**2 + 9*f - 6. Suppose 3 = 2*u + s, u + s - 4*s - 12 = 0. Let m be -2*6/4 - u. What are the prime factors of i(m)?
2, 3, 5
Suppose -207*d + 209*d - 93696 = 0. What are the prime factors of d?
2, 3, 61
Suppose 7*z - 45 = 2*z. Suppose 15*o = 7*o - 24. List the prime factors of 2/o - ((-1077)/z - -1).
2, 59
Suppose -x + 6*y + 3574 = 0, -9*x = -12*x + 3*y + 10722. List the prime factors of x.
2, 1787
Suppose -4*l - 2*i = -6030, -4*l = 80*i - 75*i - 6033. What are the prime factors of l?
11, 137
Let a(d) = 289*d**2 - 160*d - 560. List the prime factors of a(-15).
5, 43, 311
Suppose -255 = -2*u - 39. Let x = u + -114. What are the prime factors of (2 - 0)/(x/(-135))?
3, 5
List the prime factors of 17*(-12)/((-96)/536).
17, 67
Suppose 15*u = 8*u + 8757. What are the prime factors of (-10)/1*(-9 + u/(-18))?
5, 157
Suppose -517*t + 6030720 = -421*t. List the prime factors of t.
2, 3, 5, 349
Let b(d) = -15*d**3 + 5*d**2 + 7*d + 7. What are the prime factors of b(-3)?
2, 109
Suppose 5*p - 4*d - 27668 = 0, 219*d - 217*d - 11078 = -2*p. List the prime factors of p.
2, 173
Let y = -174 + 182. List the prime factors of (6/y + 2)*(178 + 2).
3, 5, 11
Suppose 0 = 2*k - 272 - 306. Let o = -138 + k. What are the prime factors of o?
151
Suppose 24*j = 133 - 13. Suppose 3*v - 4615 = -j*w, 13*w = 11*w - 5*v + 1827. List the prime factors of w.
2, 463
Let l(s) = 8*s + 3*s**2 - 3 - 11*s - s**3 - 12*s - 22*s. List the prime factors of l(-8).
997
Let l(b) = 21*b**3 - 77*b**2 - 6*b + 286. Let h(z) = 4*z**3 - 15*z**2 - z + 57. Let v(o) = 11*h(o) - 2*l(o). List the prime factors of v(7).
11, 19
Let m be (110/90 - (-4)/(-18)) + 2. Suppose 2*a = 4*w - 546, m*w - 5*a = 418 - 26. List the prime factors of w.
139
Suppose -171*d = -81*d - 866031 - 2770149. What are the prime factors of d?
2, 20201
Let o be (-680)/15 - 2/3. Let x = 52 + o. Let n(u) = -u**3 + 8*u**2 + u + 4. List the prime factors of n(x).
2, 41
Let p(v) = -v**2 - 104*v - 808. What are the prime factors of p(-55)?
3, 17, 37
Suppose -201*w = -206*w - 1590. Let j = 23 - w. What are the prime factors of j?
11, 31
Suppose -u - 2*c = -74332 - 7911, 4*u - 328945 = -5*c. What are the prime factors of u?
5, 11, 13, 23
Let f = 22 - 17. Suppose 4*h + 3*k - 10 = f*k, 3*k - 6 = -h. Let m = 21 - h. What are the prime factors of m?
2, 3
Let h(f) = -f**2 + 4*f - 1. Let y be h(3). Let x = -2150 - -2203. Suppose -3*v + 21 = -4*l, 4*v + y*l - x = -l. List the prime factors of v.
11
Suppose 0 = 4*y + 43 - 223. Let g be y/(-30)*4/(-2). Suppose 0 = -4*q - 4*i + 416, 0*q + 312 = g*q - 4*i. List the prime factors of q.
2, 13
Suppose 91*t - 5*t = -24*t + 2994640. What are the prime factors of t?
2, 41, 83
Suppose 2*s + 3344 = h, -9*s - 6 = -7*s. Suppose -8*t = -10*t + h. What are the prime factors of t?
1669
What are the prime factors of 48/22 + 30/(-165) + -1 - -1677?
2, 839
Suppose -1168220 = -83*z + 3076317. List the prime factors of z.
11, 4649
Suppose -4*x = 6*r - 193148, -8 = x - 1. List the prime factors of r.
2, 3, 2683
What are the prime factors of (-51645)/10*(-5 + 77/(-21))?
11, 13, 313
Suppose -9*b = -14*b + 535. Let u = 282 - b. Let r = 278 - u. What are the prime factors of r?
103
Suppose 253*p = 244*p + 14265. Suppose -3*v - f + p = f, 2*v - f - 1052 = 0. What are the prime factors of v?
17, 31
Let m = -2861 - -79337. List the prime factors of m.
2, 3, 6373
Suppose 5*h - 9 = r, 4*r + 5*h = 16 - 2. List the prime factors of (109 - 8)*(-4 - r - -16).
11, 101
Let c = 18 + 1. Let l(f) = 44*f + 3. List the prime factors of l(c).
839
Let h = 62256 - 36498. What are the prime factors of h?
2, 3, 53
Let g be 9*6/(-18) - (1 + -75). Suppose -g = -8*c + 3417. List the prime factors of c.
2, 109
Let z be 7590/18 - (-2)/6. Suppose 50 - 346 = -2*i + r, -3*i = 4*r - z. List the prime factors of i.
2, 73
Suppose 18 = -3*c, -4*v + 5*c = 4*c - 17966. What are the prime factors of v?
2, 5, 449
Suppose 22*w + 27*w - 106134 = 0. What are the prime factors of w?
2, 3, 19
Suppose 496 = h + 93. Let m = h + -222. List the prime factors of m.
181
Suppose 18*d = 356099 - 21857. List the prime factors of d.
31, 599
Let i(f) be the second derivative of f**4/12 + f**3/6 - 13*f**2/2 - 6*f. Let a(o) = -o**2 + 8*o - 5. Let j be a(6). What are the prime factors of i(j)?
43
Suppose -65*i = -68*i - 75. Let a(w) = -30*w + 19. List the prime factors of a(i).
769
What are the prime factors of ((-1)/2)/((-580)/21113160)?
3, 6067
Let f be 2/(-5) + (-20)/(-50). Let n(m) = 3*m**3 - 18*m**2 + m - 4. Let c be n(6). Suppose f = -c*s - 4 + 66. List the prime factors of s.
31
Suppose 4*k = -v + 6, -4*k - 44 = -2*v - 2*v. Suppose -5*x = -v, -3*u + x + 3*x = -733. List the prime factors of u.
13, 19
Let z = -426 + 393. List the prime factors of ((-8)/(-6) - (-44)/z) + 629.
17, 37
Let i = 108647 - 54542. List the prime factors of i.
3, 5, 3607
Suppose 5*q + 2330 = -2*w, 5*q = 2*w + 1207 + 1103. Let c = -781 - w. What are the prime factors of c?
379
Suppose 65*x - 6 = 63*x. Let w(b) = 88*b - 54. List the prime factors of w(x).
2, 3, 5, 7
Suppose -4*c + 0*u + u = -30, -c + 3*u = -2. Let r be (33/11)/(1/c). Let w = -1 + r. What are the prime factors of w?
23
Let f(o) = o**3 - 40*o**2 + 78*o - 74. Let w be f(38). Suppose y = 5*a - 119, w*y + 9 - 11 = 0. What are the prime factors of a?
2, 3
Suppose -46*n = -126*n + 829360. List the prime factors of n.
7, 1481
Let r(m) = -m - 26 + 5*m - 6*m. Let g be r(-12). Let u(v) = 27*v**2 - 5. What are the prime factors of u(g)?
103
Suppose -4*r + 40544 = -3*f, 2*r - 8467 = -2*f + 11833. What are the prime factors of r?
2, 11, 461
Suppose -12625 + 634709 = 24*v - 568244. What are the prime factors of v?
49597
Let v(r) = -r + 38. Let t be v(33). Suppose -3*k - 1346 = -4*y, -t*k = -4*y - k + 1348. What are the prime factors of y?
5, 67
Let n(q) = 8*q**3 - 16*q - 6*q**3 + 0*q**2 - 23*q**2 - 10*q**2 + 16. What are the prime factors of n(18)?
2, 5, 7
Suppose -8702 = -m - 2*f, -3*m + 26099 = -0*f - f. Suppose 0 = 44*q - 50*q + m. What are the prime factors of q?
2, 5, 29
Let a = 5686 + -242. What are the prime factors of a?
2, 1361
List the prime factors of 9/2 + 1792208/352 + -7.
7, 727
Let s be ((-9)/(81/(-156)))/((-2)/(-3